1, -5*x = -5*j. Suppose -5*v = j*b - 10*v - 325, -2*b + 3*v + 125 = 0. What is the tens digit of b?
7
Suppose -4*w + 4*f - 4 = 0, 0 = w + 2*f + f - 19. Suppose -7*m = -2*m - w*d - 440, -m - 5*d + 88 = 0. Suppose -3*x + 8 = -m. What is the units digit of x?
2
Let p(c) = -158*c**3 + 3*c**2 - 4*c. What is the units digit of p(-2)?
4
Suppose -176*o + 187*o - 35750 = 0. What is the hundreds digit of o?
2
Let n(m) = m**2 + 2*m - 23. Let p be n(8). Let y be (-12)/(3/((-3)/(-1))). Let d = y + p. What is the units digit of d?
5
Let n be -24*((-10)/4 + 3). What is the tens digit of (-125)/(-2)*n/(-10)?
7
Suppose 0 = 5*q + 5, -5*b - 4*q + 8 = -3*b. Suppose 12 = b*g - 3*g. Suppose -g*n - 25 = -81. What is the units digit of n?
4
What is the hundreds digit of -8 - -2 - -1424 - -6?
4
Let h be (18 - (-2 + 3 - 3)) + 0. Let t(a) = 11*a - 70. What is the hundreds digit of t(h)?
1
What is the hundreds digit of (-6)/30 + (-12744)/(-45)?
2
Let v = -329 + 460. What is the hundreds digit of v?
1
Suppose -a - 2556 = -8129. What is the hundreds digit of a?
5
Let n(o) = -766*o - 93. What is the hundreds digit of n(-2)?
4
Suppose 188 = 4*n + 2*s, -3*n - s = -0*s - 141. Let r(y) = -6*y - 47 + n. What is the tens digit of r(-4)?
2
Let s(n) = -n**3 + 5*n**2 + 6*n + 6. Let i be -3 + 1 - 1 - -20. Suppose 2*w + 5 = i. What is the units digit of s(w)?
6
Let u(z) = z**2 + 3*z + 2. Let l be u(-3). Let o be 77 + (91/7 - 7). Suppose -5*x - h + o + 136 = 0, -l*x - 3*h = -98. What is the units digit of x?
3
Let u(v) = -44*v**2 + v - 1. Let q be u(1). Let h = -28 - q. What is the tens digit of h?
1
Let t = 134 - 54. Suppose 12 = -4*i + t. What is the units digit of i?
7
Let p be (-1 - 4934/(-12)) + (-1)/6. Suppose -2*q + 5*r + p = q, 0 = -q + 4*r + 125. What is the hundreds digit of q?
1
Let r(v) = -56*v**3 + v**2 + 7*v + 1. What is the hundreds digit of r(-2)?
4
Let l = 2 + 0. Let f = 1 + l. Suppose -2*v - 1 = -f, 0 = r + 4*v - 21. What is the units digit of r?
7
Let c(r) = r + 21. Let p be c(-16). Suppose -5*a + 158 = 3*b - 589, 746 = p*a + 4*b. What is the units digit of a?
0
Let l = -1691 - -2944. What is the thousands digit of l?
1
Let z = -811 + 1494. What is the units digit of z?
3
Let o(r) = -75*r - 38. Let v be o(-4). Let z = v - 126. What is the tens digit of z?
3
Suppose -2*h + 864 = -458. What is the units digit of h?
1
Suppose -3*c + 4*f = -2311, f = -4*c + 3*f + 3088. What is the hundreds digit of c?
7
What is the tens digit of ((-386610)/(-165) - -14) + (-1)/11?
5
Suppose 2*x = 3 + 5. Suppose g + 3*w + x = 0, -4*w + 2 = -4*g + 18. Let k(u) = 9*u**3 - 4*u + 2. What is the units digit of k(g)?
6
Let s be 3 - 18*(-4)/(-8). Let y be (-45)/(-20) - s/8. Suppose -y*h + 180 = h. What is the units digit of h?
5
Suppose 0 = 4*q + 20 + 20. Let a be (-4)/(-28)*q*-7. What is the tens digit of ((-345)/a)/(9/(-12))?
4
What is the hundreds digit of (-1 - 6/3)/(102/(-37366))?
0
Let j be 2/4 - (-310)/20. Suppose -5*l + 5*w - 10 = 0, -4*l - 16 = 4*w + j. Let x = 16 + l. What is the tens digit of x?
1
Let u(y) = -y**3 + 20*y**2 - 18*y - 13. Let v be u(18). Let i = v - 183. What is the hundreds digit of i?
1
Let a(b) be the third derivative of -2/3*b**3 + 0 + 1/60*b**5 + 0*b + 1/12*b**4 + 3*b**2. What is the units digit of a(-6)?
0
Let h be (1 + 0)/(2/(-28)). Let s(o) = 2*o**2 + 23*o - 18. What is the units digit of s(h)?
2
Let h be 7648/20 + 4/(-10). Let a = 539 - h. What is the tens digit of a?
5
Suppose 0 = -p - 5*f + 913 - 140, 0 = -4*p - 2*f + 3164. What is the units digit of p?
3
Let q(u) = u + 10*u**2 - 2*u + 3*u. Suppose 4*x + 6 = 4*z + 2, -3*z - 5*x + 11 = 0. What is the units digit of q(z)?
4
Let a(v) = v + 3. Let k be a(-4). Let r = -85 - -81. What is the units digit of (12/r - k)*-3?
6
What is the tens digit of ((-4)/(-3))/((-207)/(-658260))?
4
Suppose -24*x + 23*x = -270. Suppose 380 = 2*w - x. What is the units digit of w?
5
Let i be 0 + -1 + 2 - -1. Suppose 0 = -0*y - 4*y + 4*r, 5*y - i*r = 6. Suppose 3*q = y*m - 2*q - 24, 2*m = 3*q + 16. What is the units digit of m?
2
Let r(i) = -i**3 - 12*i**2 - 2*i - 22. Let h be r(-12). Suppose 4*f + 0*f = -3*u + 165, -h*f - 2*u = -84. What is the tens digit of f?
3
Suppose -3*b + 30 = -18. Suppose -i + b = 3*i. What is the units digit of 1/i - (-133)/28?
5
Suppose 4*p + 85 = -p. Let b = 20 + p. What is the units digit of (20/12)/(1/b)?
5
Let p(r) = r + 7. Suppose 0*h - 1120 = -7*h. Let s be h/(-30) + (-8)/(-6). What is the units digit of p(s)?
3
Suppose 11*q - 33214 = -11412. What is the hundreds digit of q?
9
Let l(h) = 2*h**2 - h - 26*h**3 - 5*h**2 - 7 + 23 + 20*h**3. What is the tens digit of l(-4)?
5
Let c be -1*28 - (-3 + 1). What is the tens digit of 7315/143 - (-4)/c?
5
Let f(h) = 5*h**2 + 10*h - 15. Suppose -3*k = 5*v + 15, 3*v + 0 = -3*k - 3. What is the hundreds digit of f(v)?
1
What is the tens digit of 1/(-1)*-1*(22 + 525)?
4
Let y(k) = 329*k + 57. What is the thousands digit of y(9)?
3
Let s(c) = c**2 - 14*c - 37. Let w be s(17). What is the hundreds digit of 140 - (8/w - (-144)/42)?
1
Suppose 0 = -k + 2*q - 65, 2*q = 3*k + 5*q + 240. Let r be (24/20)/((-10)/k). Suppose -14*l + 250 = -r*l. What is the tens digit of l?
5
Let p(a) = a**2 - 12. Let s be p(6). Let f be 10/35 + 4/(-14). Suppose f*b - b = -s. What is the units digit of b?
4
Let a = 10 - -58. Suppose -53*i + 42 = -56*i. Let z = i + a. What is the tens digit of z?
5
What is the tens digit of 4/24 - ((-5062)/(-12))/(-1)?
2
Suppose 1998 - 5608 = -5*i. What is the units digit of i?
2
Let a(l) = -8*l - 17. Let n(x) = x - 20. Let p be n(12). What is the units digit of a(p)?
7
Suppose -f - 2 = -4. Suppose 0 = -3*m - f*m - 370. Let d = m - -115. What is the units digit of d?
1
Let o = 11 - 4. Let y(p) = p**2 - 7*p + 8. Let w be y(o). Let v = w - 5. What is the units digit of v?
3
What is the hundreds digit of (17/(680/8220))/((-1)/(-16))?
2
Suppose -r - 5*c + 33 = -c, -c = -4*r + 132. Suppose -3*g - r = 252. Let w = -37 - g. What is the tens digit of w?
5
Let p(l) = -l**3 - 26*l**2 + 3*l + 50. Let f(b) = b**3 + 25*b**2 - 2*b - 49. Let a(h) = -6*f(h) - 5*p(h). What is the hundreds digit of a(-20)?
1
Let l(w) = -w**3 + 40*w**2 + 31*w - 21. What is the hundreds digit of l(40)?
2
What is the tens digit of (2 - 4/3) + 1776/9?
9
Let g be (-1)/(-3) + 11/3. Suppose v = t - g, 3*v + 2*v = -5*t + 10. Suppose -28 = w - t*w. What is the tens digit of w?
1
Suppose 4*n - 74 - 18 = 0. Let k = 10 + n. Suppose 0 = 2*t + t - k. What is the units digit of t?
1
Let j be (-1 - -3)*-1 + (73 - -6). Let d = 145 - j. What is the units digit of d?
8
Let q be (-2 - -13)*3/3. Suppose 5*u = q*u - 234. Suppose 0 = -3*l - 3*k + 72, 2*l - 5*k - u = -12. What is the units digit of l?
1
Let o be 2/9 + (-4704)/27. Let k be (o/(-9))/(4/6). Suppose 9*h - 4*h - 46 = -3*q, 2*q = -3*h + k. What is the units digit of q?
7
Let x = 41 + -127. Let u = x - -149. What is the tens digit of u?
6
Let k = 3859 + -1442. What is the hundreds digit of k?
4
Let k(l) = -61*l - 20. Let g be k(-5). What is the tens digit of g*2/4 - 2/4?
4
Let o = 487 + -302. What is the units digit of o?
5
Suppose -15*w = 4*s - 10*w - 6043, 0 = -4*s - 4*w + 6048. What is the tens digit of s?
1
Suppose 6030 = 23*c - 17890. What is the hundreds digit of c?
0
Suppose -5*d = -d - 20. Suppose d*u - 6*u = -w - 157, 3*w = 5*u - 791. What is the hundreds digit of u?
1
Let j = 31 - 23. Suppose j = 4*z, 2*w + z - 158 = 10. What is the units digit of w?
3
Let c = 107 - 240. What is the tens digit of (c - -1)*(-1)/((-6)/(-4))?
8
Let z(r) = -164*r - 1058. What is the tens digit of z(-33)?
5
Suppose -25*p + 23*p - 6 = 0, 5*z - 974 = 3*p. What is the tens digit of z?
9
Suppose 2*u - 4*u + 62 = 0. Let o = u + 9. What is the units digit of o?
0
Suppose -1276 = -15*b - 7*b. What is the tens digit of b?
5
Let v = -35 + 48. Let r(k) = -11*k - 2. Let c be r(-4). Suppose c = 3*d + 2*a, 5*a = -3*d + 20 + v. What is the tens digit of d?
1
Let p = -18 + 30. Let u = p + -7. Suppose -h - 5*m = -17, u*h - 4*m = 85 + 29. What is the units digit of h?
2
Suppose 2*g - 120 = 3*i, -5*i + 0*i - 305 = -5*g. Let a = g - 29. Let p = a + 4. What is the tens digit of p?
3
Suppose h + 2*m + 3*m = -42, 4*h + 93 = 5*m. Let d = h - -31. Let b(y) = 15*y + 6. What is the tens digit 